e 10/(-4)*-8 - x. Suppose -2*g + 6*g = t. What is the remainder when g is divided by 3?
2
Suppose 2*x + k = 281, 5*x - 320 - 385 = -3*k. Suppose t = -3*q + x, t - 48 = -q - 0*t. Suppose q = -5*r + 235. What is the remainder when r is divided by 13?
12
Let j = 20 + -17. Suppose -j*t + 124 = t - 4*l, 3*l = -3*t + 123. Calculate the remainder when 71 is divided by t.
35
Calculate the remainder when 29 is divided by 5/(-3)*(-5 + -1).
9
Let m(z) = z**3 + 11*z**2 - 27*z + 8. Calculate the remainder when m(-12) is divided by 38.
36
Let o(z) be the first derivative of z**2/2 - 2*z + 2. Calculate the remainder when o(5) is divided by 1.
0
Suppose -2*t - 2*l = -172, 5*t = t - 3*l + 343. Let s = -32 + t. Calculate the remainder when s + 7/(7/2) is divided by 19.
17
Let q(t) = 2*t - 3. Let o be q(4). Suppose 6*y - 4*y = o*a - 46, -a + 8 = -y. Let g = 4 + 15. Calculate the remainder when g is divided by a.
9
Let t = -123 - -40. Let c = 29 + t. What is the remainder when 3 is divided by (-12)/c - (-16)/9?
1
What is the remainder when -1 + (0 - -1) - -69 is divided by 35?
34
Let n be 0 + 2 - (-215 - 3). Suppose -3*g + 2*l + 142 = 0, -5*g - 2*l + n = 3*l. Calculate the remainder when g is divided by 12.
10
Let n(k) = k**2 + 13*k - 8. Calculate the remainder when 42 is divided by n(-15).
20
Let l = 4 - 3. Let q be 192/(-9)*l*-3. Suppose 0 = 5*t - 36 - q. Calculate the remainder when t is divided by 11.
9
Suppose 2*g - 175 + 141 = 0. What is the remainder when 47 is divided by g?
13
Suppose -4*g + 0*g = -108. Let n = 34 + g. Calculate the remainder when n is divided by 21.
19
Let d = 14 - 22. Calculate the remainder when 2 is divided by d/(-20) + 16/10.
0
Suppose -15 = -5*t - 0. Suppose 25 = 4*y - t*r - 2, y - 8 = 2*r. What is the remainder when 9 is divided by y?
3
Let d(k) = 3*k**2 - k - 4. Let j be d(-2). Suppose -o - 2*r = -0*o - 14, j = -5*r. What is the remainder when 51 is divided by o?
15
Let b = -17 - -29. Let z = b - 8. What is the remainder when 9 is divided by z?
1
Suppose -l = -2*s + 22, 3*l - 5 - 7 = 0. Let o(f) = 3*f**2 - 2*f - 1. Let r be o(-3). Let b = -7 + r. What is the remainder when b is divided by s?
12
Suppose -5*j + 4*p + 156 = 0, -2*j - p + 80 = 15. Suppose -j = -4*k + 4*t, -2*k - 5*t + 2 + 0 = 0. What is the remainder when 15 is divided by k?
3
Suppose -4*h + 1 = 9. Let f(c) = -2*c**3 - 3*c**2 - 2*c. What is the remainder when 31 is divided by f(h)?
7
Suppose 5*a + 10 = -3*r + 90, -24 = -3*a + 3*r. What is the remainder when 49 is divided by a?
10
Let q = 3 - 1. Suppose -5*r + 2 + 23 = 0. Suppose 2*l = 4*l + 4*f + 10, 40 = 3*l - r*f. Calculate the remainder when l is divided by q.
1
Let b(w) = 2*w**2 - 16*w - 20. What is the remainder when 31 is divided by b(10)?
11
Suppose 0 = 2*v - 4*l - 26, -3*v + 13 = -2*v + 4*l. Calculate the remainder when 49 is divided by v.
10
Let c(d) = d + 7. Let k be c(-6). Suppose -k = -5*p + 24. Calculate the remainder when 9 is divided by p.
4
Let h(j) = -6*j + 6. Let u be h(-6). Let w = u + -17. What is the remainder when w is divided by 13?
12
Let m = -20 - -27. Calculate the remainder when 25 is divided by m.
4
Let c(y) = y**3 + 7*y**2 + 5*y + 7. Calculate the remainder when 24 is divided by c(-6).
11
Let i(j) = 7*j**2 + 2*j. What is the remainder when 92 is divided by i(2)?
28
Let f(c) = c**2 - 12*c + 2. Let v be f(12). Calculate the remainder when 39 is divided by (-80)/(-6)*3/v.
19
Suppose -90 = 4*s + 34. Let x = 15 + s. Let q = x + 31. Calculate the remainder when q is divided by 8.
7
Let h = 3 - 1. Let m(v) = -v. What is the remainder when h*3 - (0 + 1) is divided by m(-3)?
2
Suppose 5*y - 31 = -6. Suppose 3*o - 1 = 56. Calculate the remainder when o is divided by y.
4
Let s(f) = f**2 + 7*f + 7. Let j(r) = -r**2 - 7*r - 7. Let u = 3 - -2. Let i(m) = u*j(m) + 6*s(m). What is the remainder when 1 is divided by i(-6)?
0
Suppose 65 = 4*f + 5*i, -2*f + 2*i + 25 = 3*i. What is the remainder when f is divided by 4?
2
Suppose b = -2 + 3. Let y = 51 - 40. Calculate the remainder when (5*-4)/(b + -2) is divided by y.
9
Let m(q) = q + 10. Let g(l) = 5*l**2 - 4*l - 5. What is the remainder when m(-5) is divided by g(-1)?
1
Let q(n) = n**3 + 13*n**2 - 2*n. Suppose 0 = 3*p - 2*w - 21 - 31, -55 = -5*p - 3*w. What is the remainder when q(-13) is divided by p?
12
Let r = 21 - 16. Suppose 210 = 8*z - r*z. What is the remainder when z is divided by 18?
16
Suppose -y - 5*y = -192. Calculate the remainder when 126 is divided by y.
30
Suppose -450 = -18*t + 162. Suppose -2*r + 2*l - l = -27, -51 = -4*r + l. What is the remainder when t is divided by r?
10
Let t be 0 + 3 + 0/3. Suppose 6 = t*y, -5*y - 67 = -5*n - y. Calculate the remainder when n is divided by 4.
3
Let w(g) = 4*g - 7. Let s be w(5). Suppose -j = -o + s, 5*o + 0*o + 4*j = 56. Calculate the remainder when (7/(-2) + 0)*-10 is divided by o.
11
Let g be (-148)/10*25/(-10). Let l = -3 + g. Suppose -5*v + l = 3*o - 0*v, 0 = -2*o - v + 18. What is the remainder when 14 is divided by o?
6
Calculate the remainder when 2/2*-13*-5 is divided by 17.
14
Let v(z) = -4*z - 1. Suppose 5*m + 3 = -27. What is the remainder when v(m) is divided by 8?
7
Let y = 19 + -6. Suppose -3*m = -5*m + 76. Calculate the remainder when m is divided by y.
12
Let z = -3 + 6. Suppose -z*h - 2*h = 3*f + 77, 0 = 2*h + 2. Let v = -9 - f. Calculate the remainder when 29 is divided by v.
14
Suppose w = -2*m - 0*w + 11, 3*w + 3 = 3*m. Suppose 2*d - m*j - 100 = 0, -2*j - 96 - 6 = -2*d. Calculate the remainder when d is divided by 16 - (3 + -4 + -1).
16
Suppose -3*b = -8*z + 13*z - 68, -b + 4*z + 34 = 0. What is the remainder when b is divided by 9?
8
Suppose 0 = 4*t - 31 - 5. Let h = 9 + -4. Suppose -2*l = 3 - 9, -h*l + 63 = 3*d. What is the remainder when d is divided by t?
7
Let z = -106 + 50. Let h = z + 85. What is the remainder when h is divided by 8?
5
Suppose -k + 6 = 2*k. Suppose -5*y = -3*j - 16, 0*y + k*j = y - 6. Calculate the remainder when 10 is divided by (20 - y)*(-3)/(-9).
4
Suppose 0 = -4*v - 0*v + 64. Calculate the remainder when v is divided by 5.
1
Let s be (-2 + 3)*(1 + -5). Let i = -13 + 22. Calculate the remainder when 25 + 2*(-2)/s is divided by i.
8
Let b = -5 - -16. Let m = -31 - -33. Suppose 2*u + m*a = 0, -2*u + 0*a = 4*a + 6. Calculate the remainder when b is divided by u.
2
Suppose -5*j + 3*j = -24. What is the remainder when j is divided by 7?
5
Let v(w) = w**3 + 3*w**2 - w - 1. Suppose 82*a - 88*a = -54. What is the remainder when a is divided by v(-2)?
4
Let f = 22 + 1. What is the remainder when f is divided by 13?
10
Suppose -18*t = 56 - 434. Suppose -2*y + 12 = -0. Calculate the remainder when t is divided by y.
3
Suppose -5*d + h = -15, d - 19 = -4*h + h. Calculate the remainder when 0/2 - d/(-1) is divided by 2.
0
Let b(m) be the second derivative of m**4/6 + 3*m**3/2 - 9*m**2/2 - 8*m. Let s = 39 - 27. Calculate the remainder when b(-8) is divided by s.
11
Let r(h) = 5*h**2 - h + 2. Calculate the remainder when 22 is divided by r(1).
4
Calculate the remainder when -2 + (6/(-15) - (-810)/25) is divided by 16.
14
Suppose -2*j = 5*t - 41, 2*t + 1 = -3*j + 7*t. Suppose j = -a + 64. Calculate the remainder when a is divided by 15.
11
Let d(o) = -o - 5*o**2 - o - o**3 + 9*o - 2*o + 6. What is the remainder when 35 is divided by d(-6)?
11
Let c = -5 - -9. What is the remainder when 19 is divided by c?
3
Let a(b) = -34*b + 1. Let u be a(-2). Let c = 99 - u. Let m = c + -9. What is the remainder when m is divided by 6?
3
Suppose 3*i + 2*u = -3*u + 22, -4*i + 5*u + 41 = 0. What is the remainder when 34 is divided by i?
7
Let v = -18 - -35. Suppose -w + 4 = -v. What is the remainder when w is divided by 6/(-10) + (-232)/(-20)?
10
Let n = 15 - 7. Suppose -3*a + 10 = u - 1, -2*u + 3*a = -40. What is the remainder when u is divided by ((-18)/n)/(3/(-8))?
5
Calculate the remainder when 2/(4 - 525/132) is divided by 15.
13
Suppose -2*r = -2 - 102. Let m = 81 - r. Suppose -2*c + 14 + 20 = 2*d, 3*c + 2*d - 49 = 0. Calculate the remainder when m is divided by c.
14
Suppose 2*o = 17 + 19. Calculate the remainder when o is divided by 10.
8
Suppose 67 = -3*q + 2*p, -q = -6*q - 4*p - 97. Let b = 29 + q. Let l = 10 - 5. Calculate the remainder when b is divided by l.
3
Suppose